{"id":900,"date":"2023-07-05T18:43:19","date_gmt":"2023-07-05T21:43:19","guid":{"rendered":"http:\/\/www.dfi.uem.br\/fisica\/?page_id=900"},"modified":"2025-06-02T11:06:01","modified_gmt":"2025-06-02T14:06:01","slug":"900-2","status":"publish","type":"page","link":"http:\/\/www.dfi.uem.br\/fisica\/index.php\/900-2\/","title":{"rendered":"Processo de sele\u00e7\u00e3o"},"content":{"rendered":"\n<div data-wp-interactive=\"core\/file\" class=\"wp-block-file aligncenter\"><object data-wp-bind--hidden=\"!state.hasPdfPreview\"  class=\"wp-block-file__embed\" data=\"http:\/\/www.dfi.uem.br\/fisica\/wp-content\/uploads\/2025\/05\/BOLSA-MONITORIA-ACADEMICA-2025.pdf\" type=\"application\/pdf\" style=\"width:100%;height:600px\" aria-label=\"Incorporado de BOLSA-MONITORIA-ACADEMICA-2025.\"><\/object><a id=\"wp-block-file--media-718fdf2e-71e0-43fc-9b94-e86420f89f62\" href=\"http:\/\/www.dfi.uem.br\/fisica\/wp-content\/uploads\/2025\/05\/BOLSA-MONITORIA-ACADEMICA-2025.pdf\">BOLSA-MONITORIA-ACADEMICA-2025<\/a><\/div>\n\n\n\n<p class=\"has-medium-font-size\">&gt;&gt; <a href=\"http:\/\/www.dfi.uem.br\/fisica\/wp-content\/uploads\/2025\/06\/HORARIO-DE-ATENDIMENTO-Monitoria.pdf\"><strong>Hor\u00e1rio de Monitoria<\/strong><\/a> &lt;&lt;<\/p>\n\n\n\n<p class=\"has-medium-font-size\">&gt;&gt; <strong><a href=\"http:\/\/www.dfi.uem.br\/fisica\/wp-content\/uploads\/2025\/05\/Formulario-de-Inscricao-de-Monitoria-.docx\">Ficha de Inscri\u00e7\u00e3o <\/a><\/strong> &lt;&lt;<\/p>\n\n\n\n<p class=\"has-medium-font-size\">>><strong> <a href=\"http:\/\/www.dfi.uem.br\/fisica\/wp-content\/uploads\/2025\/05\/Edital-no-5-2025-DEG.pdf\" data-type=\"attachment\" data-id=\"903\">Edital 005 &#8211; 2025<\/a><\/strong><b> <\/b> &lt;&lt;<\/p>\n\n\n\n<hr class=\"wp-block-separator has-alpha-channel-opacity\"\/>\n","protected":false},"excerpt":{"rendered":"<p>&gt;&gt; Hor\u00e1rio de Monitoria &lt;&lt; &gt;&gt; Ficha de Inscri\u00e7\u00e3o &lt;&lt; >> Edital 005 &#8211; 2025 &lt;&lt;<\/p>\n","protected":false},"author":1,"featured_media":0,"parent":0,"menu_order":0,"comment_status":"closed","ping_status":"closed","template":"","meta":{"footnotes":""},"_links":{"self":[{"href":"http:\/\/www.dfi.uem.br\/fisica\/index.php\/wp-json\/wp\/v2\/pages\/900"}],"collection":[{"href":"http:\/\/www.dfi.uem.br\/fisica\/index.php\/wp-json\/wp\/v2\/pages"}],"about":[{"href":"http:\/\/www.dfi.uem.br\/fisica\/index.php\/wp-json\/wp\/v2\/types\/page"}],"author":[{"embeddable":true,"href":"http:\/\/www.dfi.uem.br\/fisica\/index.php\/wp-json\/wp\/v2\/users\/1"}],"replies":[{"embeddable":true,"href":"http:\/\/www.dfi.uem.br\/fisica\/index.php\/wp-json\/wp\/v2\/comments?post=900"}],"version-history":[{"count":9,"href":"http:\/\/www.dfi.uem.br\/fisica\/index.php\/wp-json\/wp\/v2\/pages\/900\/revisions"}],"predecessor-version":[{"id":1171,"href":"http:\/\/www.dfi.uem.br\/fisica\/index.php\/wp-json\/wp\/v2\/pages\/900\/revisions\/1171"}],"wp:attachment":[{"href":"http:\/\/www.dfi.uem.br\/fisica\/index.php\/wp-json\/wp\/v2\/media?parent=900"}],"curies":[{"name":"wp","href":"https:\/\/api.w.org\/{rel}","templated":true}]}}