{"id":469,"date":"2022-05-18T14:50:05","date_gmt":"2022-05-18T17:50:05","guid":{"rendered":"http:\/\/www.dfi.uem.br\/fisica\/?page_id=469"},"modified":"2022-05-18T14:50:06","modified_gmt":"2022-05-18T17:50:06","slug":"apostilas","status":"publish","type":"page","link":"http:\/\/www.dfi.uem.br\/fisica\/index.php\/apostilas\/","title":{"rendered":"Apostilas"},"content":{"rendered":"\n<p><a href=\"http:\/\/www.dfi.uem.br\/fisicaold\/site.dfi.uem.br\/wp-content\/uploads\/2016\/10\/ap_fis_geralexpIII.pdf\" target=\"_blank\" rel=\"noreferrer noopener\">F\u00edsica Geral Experimental III<\/a><br><a href=\"http:\/\/www.dfi.uem.br\/fisicaold\/site.dfi.uem.br\/wp-content\/uploads\/2016\/10\/ca_oticair.pdf\"><\/a><a href=\"http:\/\/www.dfi.uem.br\/fisicaold\/site.dfi.uem.br\/wp-content\/uploads\/2016\/10\/ca_oticair.pdf\" target=\"_blank\" rel=\"noreferrer noopener\">F\u00edsica Geral Experimental IV<\/a><br><a href=\"http:\/\/www.dfi.uem.br\/fisicaold\/site.dfi.uem.br\/wp-content\/uploads\/2016\/10\/graficos.pdf\"><\/a><a href=\"http:\/\/www.dfi.uem.br\/fisicaold\/site.dfi.uem.br\/wp-content\/uploads\/2016\/10\/graficos.pdf\" target=\"_blank\" rel=\"noreferrer noopener\">Gr\u00e1ficos<\/a><br><a href=\"http:\/\/www.dfi.uem.br\/fisicaold\/site.dfi.uem.br\/wp-content\/uploads\/2016\/10\/mecquim.pdf\"><\/a><a href=\"http:\/\/www.dfi.uem.br\/fisicaold\/site.dfi.uem.br\/wp-content\/uploads\/2016\/10\/mecquim.pdf\" target=\"_blank\" rel=\"noreferrer noopener\">Experimentos de Mec\u00e2nica para o curso de Qu\u00edmica<\/a><br><a href=\"http:\/\/www.dfi.uem.br\/fisicaold\/site.dfi.uem.br\/wp-content\/uploads\/2016\/10\/relatorio.pdf\"><\/a><a href=\"http:\/\/www.dfi.uem.br\/fisicaold\/site.dfi.uem.br\/wp-content\/uploads\/2016\/10\/relatorio.pdf\" target=\"_blank\" rel=\"noreferrer noopener\">Como preparar um relat\u00f3rio<\/a><br><a href=\"http:\/\/www.dfi.uem.br\/fisicaold\/site.dfi.uem.br\/wp-content\/uploads\/2016\/10\/versao3.pdf\"><\/a><a href=\"http:\/\/www.dfi.uem.br\/fisicaold\/site.dfi.uem.br\/wp-content\/uploads\/2016\/10\/versao3.pdf\" target=\"_blank\" rel=\"noreferrer noopener\">No\u00e7\u00f5es B\u00e1sicas para a utiliza\u00e7\u00e3o do Oscilosc\u00f3pio Digital<\/a><br><a href=\"http:\/\/www.dfi.uem.br\/fisicaold\/site.dfi.uem.br\/wp-content\/uploads\/2017\/04\/Atividades-para-Fisica-Experimental-Eletricidade-e-Magnetismo.pdf\"><\/a><a href=\"http:\/\/www.dfi.uem.br\/fisicaold\/site.dfi.uem.br\/wp-content\/uploads\/2017\/04\/Atividades-para-Fisica-Experimental-Eletricidade-e-Magnetismo.pdf\" target=\"_blank\" rel=\"noreferrer noopener\">Atividades para Fisica Experimental Eletricidade e Magnetismo<\/a><br><a href=\"http:\/\/www.dfi.uem.br\/fisicaold\/site.dfi.uem.br\/wp-content\/uploads\/2017\/08\/Atividades-para-Fisica-Experimental-Circuito-sob-Tens%c3%a3o-Alternada-e-%c3%93tica-PARTE-I.pdf\"><\/a><a href=\"http:\/\/www.dfi.uem.br\/fisicaold\/site.dfi.uem.br\/wp-content\/uploads\/2017\/08\/Atividades-para-Fisica-Experimental-Circuito-sob-Tens%c3%a3o-Alternada-e-%c3%93tica-PARTE-I.pdf\" target=\"_blank\" rel=\"noreferrer noopener\">Atividades para F\u00edsica Experimental \u2013 Circuito sob Tens\u00e3o Alternada e \u00d3tica \u2013 PARTE I<\/a><br><a href=\"http:\/\/www.dfi.uem.br\/fisicaold\/site.dfi.uem.br\/wp-content\/uploads\/2017\/11\/Atividades-para-Fisica-Experimental-Circuito-sob-Tens%c3%a3o-Alternada-e-%c3%93tica-PARTE-II.pdf\"><\/a><a href=\"http:\/\/www.dfi.uem.br\/fisicaold\/site.dfi.uem.br\/wp-content\/uploads\/2017\/11\/Atividades-para-Fisica-Experimental-Circuito-sob-Tens%c3%a3o-Alternada-e-%c3%93tica-PARTE-II.pdf\" target=\"_blank\" rel=\"noreferrer noopener\">Atividades para Fisica Experimental \u2013 Circuito sob Tens\u00e3o Alternada e \u00d3tica \u2013 PARTE II<\/a><br><a href=\"http:\/\/www.dfi.uem.br\/fisicaold\/site.dfi.uem.br\/wp-content\/uploads\/2018\/03\/Black-Body-1.pdf\"><\/a><a href=\"http:\/\/www.dfi.uem.br\/fisicaold\/site.dfi.uem.br\/wp-content\/uploads\/2018\/03\/Black-Body-1.pdf\" target=\"_blank\" rel=\"noreferrer noopener\">Black Body 1<\/a><br><a href=\"http:\/\/www.dfi.uem.br\/fisicaold\/site.dfi.uem.br\/wp-content\/uploads\/2018\/03\/Black-Body-2-Prism.pdf\"><\/a><a href=\"http:\/\/www.dfi.uem.br\/fisicaold\/site.dfi.uem.br\/wp-content\/uploads\/2018\/03\/Black-Body-2-Prism.pdf\" target=\"_blank\" rel=\"noreferrer noopener\">Black Body 2 Prism<\/a><br><a href=\"http:\/\/www.dfi.uem.br\/fisicaold\/site.dfi.uem.br\/wp-content\/uploads\/2018\/03\/c.pdf\"><\/a><a href=\"http:\/\/www.dfi.uem.br\/fisicaold\/site.dfi.uem.br\/wp-content\/uploads\/2018\/03\/c.pdf\" target=\"_blank\" rel=\"noreferrer noopener\">Velocidade da luz<\/a><br><a href=\"http:\/\/www.dfi.uem.br\/fisicaold\/site.dfi.uem.br\/wp-content\/uploads\/2018\/03\/Carga-Massa.pdf\"><\/a><a href=\"http:\/\/www.dfi.uem.br\/fisicaold\/site.dfi.uem.br\/wp-content\/uploads\/2018\/03\/Carga-Massa.pdf\" target=\"_blank\" rel=\"noreferrer noopener\">Raz\u00e3o Carga\/Massa<\/a><br><a href=\"http:\/\/www.dfi.uem.br\/fisicaold\/site.dfi.uem.br\/wp-content\/uploads\/2018\/03\/Determinatio-constante-Planck.pdf\"><\/a><a href=\"http:\/\/www.dfi.uem.br\/fisicaold\/site.dfi.uem.br\/wp-content\/uploads\/2018\/03\/Determinatio-constante-Planck.pdf\" target=\"_blank\" rel=\"noreferrer noopener\">Determina\u00e7\u00e3o da constante Planck<\/a><br><a href=\"http:\/\/www.dfi.uem.br\/fisicaold\/site.dfi.uem.br\/wp-content\/uploads\/2018\/03\/Educational-Spectrophotometer-System-Manual-OS-8539-1.pdf\"><\/a><a href=\"http:\/\/www.dfi.uem.br\/fisicaold\/site.dfi.uem.br\/wp-content\/uploads\/2018\/03\/Educational-Spectrophotometer-System-Manual-OS-8539-1.pdf\" target=\"_blank\" rel=\"noreferrer noopener\">Spectrophotometer<\/a><br><a href=\"http:\/\/www.dfi.uem.br\/fisicaold\/site.dfi.uem.br\/wp-content\/uploads\/2018\/03\/Interferometer.pdf\"><\/a><a href=\"http:\/\/www.dfi.uem.br\/fisicaold\/site.dfi.uem.br\/wp-content\/uploads\/2018\/03\/Interferometer.pdf\" target=\"_blank\" rel=\"noreferrer noopener\">Interferometer<\/a><br><a href=\"http:\/\/www.dfi.uem.br\/fisicaold\/site.dfi.uem.br\/wp-content\/uploads\/2018\/03\/Millikans-Oil-Drop-Manual-AP-8210.pdf\"><\/a><a href=\"http:\/\/www.dfi.uem.br\/fisicaold\/site.dfi.uem.br\/wp-content\/uploads\/2018\/03\/Millikans-Oil-Drop-Manual-AP-8210.pdf\" target=\"_blank\" rel=\"noreferrer noopener\">Millikans Oil Drop<\/a><br><a href=\"http:\/\/www.dfi.uem.br\/fisicaold\/site.dfi.uem.br\/wp-content\/uploads\/2018\/03\/Photoelectric-1.pdf\"><\/a><a href=\"http:\/\/www.dfi.uem.br\/fisicaold\/site.dfi.uem.br\/wp-content\/uploads\/2018\/03\/Photoelectric-1.pdf\" target=\"_blank\" rel=\"noreferrer noopener\">Photoelectric 1<\/a><br><a href=\"http:\/\/www.dfi.uem.br\/fisicaold\/site.dfi.uem.br\/wp-content\/uploads\/2018\/03\/Photoelectric-2.pdf\"><\/a><a href=\"http:\/\/www.dfi.uem.br\/fisicaold\/site.dfi.uem.br\/wp-content\/uploads\/2018\/03\/Photoelectric-2.pdf\" target=\"_blank\" rel=\"noreferrer noopener\">Photoelectric 2<\/a><br><a href=\"http:\/\/www.dfi.uem.br\/fisicaold\/site.dfi.uem.br\/wp-content\/uploads\/2018\/04\/Manual-de-Laborat%c3%b3rio-de-F%c3%adsica-Experimental-I.pdf\"><\/a><a href=\"http:\/\/www.dfi.uem.br\/fisicaold\/site.dfi.uem.br\/wp-content\/uploads\/2018\/04\/Manual-de-Laborat%c3%b3rio-de-F%c3%adsica-Experimental-I.pdf\" target=\"_blank\" rel=\"noreferrer noopener\">Manual de Laborat\u00f3rio de F\u00edsica Experimental I<\/a><br><a href=\"http:\/\/www.dfi.uem.br\/fisicaold\/site.dfi.uem.br\/wp-content\/uploads\/2018\/08\/Manual-de-Laborat%c3%b3rio-de-F%c3%adsica-Experimental-II_2018.pdf\"><\/a><a href=\"http:\/\/www.dfi.uem.br\/fisicaold\/site.dfi.uem.br\/wp-content\/uploads\/2018\/08\/Manual-de-Laborat%c3%b3rio-de-F%c3%adsica-Experimental-II_2018.pdf\" target=\"_blank\" rel=\"noreferrer noopener\">Manual de Laborat\u00f3rio de F\u00edsica Experimental II (2018)<\/a><\/p>\n","protected":false},"excerpt":{"rendered":"<p>F\u00edsica Geral Experimental IIIF\u00edsica Geral Experimental IVGr\u00e1ficosExperimentos de Mec\u00e2nica para o curso de Qu\u00edmicaComo preparar um relat\u00f3rioNo\u00e7\u00f5es B\u00e1sicas para a utiliza\u00e7\u00e3o do Oscilosc\u00f3pio DigitalAtividades para Fisica Experimental Eletricidade e MagnetismoAtividades para F\u00edsica Experimental \u2013 Circuito sob Tens\u00e3o Alternada e \u00d3tica \u2013 PARTE IAtividades para Fisica Experimental \u2013 Circuito sob Tens\u00e3o Alternada e \u00d3tica \u2013 PARTE [&hellip;]<\/p>\n","protected":false},"author":1,"featured_media":0,"parent":0,"menu_order":0,"comment_status":"closed","ping_status":"closed","template":"","meta":{"footnotes":""},"_links":{"self":[{"href":"http:\/\/www.dfi.uem.br\/fisica\/index.php\/wp-json\/wp\/v2\/pages\/469"}],"collection":[{"href":"http:\/\/www.dfi.uem.br\/fisica\/index.php\/wp-json\/wp\/v2\/pages"}],"about":[{"href":"http:\/\/www.dfi.uem.br\/fisica\/index.php\/wp-json\/wp\/v2\/types\/page"}],"author":[{"embeddable":true,"href":"http:\/\/www.dfi.uem.br\/fisica\/index.php\/wp-json\/wp\/v2\/users\/1"}],"replies":[{"embeddable":true,"href":"http:\/\/www.dfi.uem.br\/fisica\/index.php\/wp-json\/wp\/v2\/comments?post=469"}],"version-history":[{"count":1,"href":"http:\/\/www.dfi.uem.br\/fisica\/index.php\/wp-json\/wp\/v2\/pages\/469\/revisions"}],"predecessor-version":[{"id":471,"href":"http:\/\/www.dfi.uem.br\/fisica\/index.php\/wp-json\/wp\/v2\/pages\/469\/revisions\/471"}],"wp:attachment":[{"href":"http:\/\/www.dfi.uem.br\/fisica\/index.php\/wp-json\/wp\/v2\/media?parent=469"}],"curies":[{"name":"wp","href":"https:\/\/api.w.org\/{rel}","templated":true}]}}