{"id":407,"date":"2022-05-04T16:10:37","date_gmt":"2022-05-04T19:10:37","guid":{"rendered":"http:\/\/www.dfi.uem.br\/fisica\/?page_id=407"},"modified":"2022-12-04T20:18:22","modified_gmt":"2022-12-04T22:18:22","slug":"funcionarios-do-departamento","status":"publish","type":"page","link":"http:\/\/www.dfi.uem.br\/fisica\/index.php\/funcionarios-do-departamento\/","title":{"rendered":"Funcion\u00e1rios"},"content":{"rendered":"\n<h2 class=\"wp-block-heading\">Funcion\u00e1rios Ativos <\/h2>\n\n\n\n<figure class=\"wp-block-table is-style-stripes\" style=\"font-size:12px\"><table><thead><tr><th>Nome<\/th><th>Ramais<\/th><th>Bloco\/sala<\/th><th>E-mail<\/th><\/tr><\/thead><tbody><tr><td>M\u00d4NICA DOS S. MUCIO LOIOLA (<a href=\"http:\/\/www.pfi.uem.br\/\" target=\"_blank\" rel=\"noreferrer noopener\">P\u00d3S-GRADUA\u00c7\u00c3O EM F\u00cdSICA<\/a>)<\/td><td>3011-5938<\/td><td>G68-07<\/td><td>sec-pfi@uem.br<\/td><\/tr><tr><td>KEILA APARECIDA SILVA (LABORAT\u00d3RIOS DO G67\/G68)<\/td><td>&nbsp;3011-5934<\/td><td>G67-11, G68-02<\/td><td>keila@root<\/td><\/tr><tr><td>ROSIMEIRE BEMVIDES ZAMPIERE GERBASI (LABORAT\u00d3RIOS G68)<\/td><td><\/td><td>G68<\/td><td>rbzgerbasi@uem.br<\/td><\/tr><tr><td>M\u00c1RCIO H. BABATA (OFICINA MEC\u00c2NICA)<\/td><td>3011-4295<\/td><td>G67-01<\/td><td><\/td><\/tr><tr><td>MARCO A. CARVALHO (INFORM\u00c1TICA)<\/td><td>3011-5933<\/td><td>G67-05d<\/td><td>mac@dfi.uem.br<\/td><\/tr><\/tbody><\/table><\/figure>\n\n\n\n<h3 class=\"wp-block-heading\">Funcion\u00e1rios Aposentados<\/h3>\n\n\n\n<figure class=\"wp-block-table is-style-stripes\" style=\"font-size:12px\"><table><thead><tr><th>Nome<\/th><\/tr><\/thead><tbody><tr><td>AKIKO NISHIDA<\/td><\/tr><tr><td>JURANDIR ALVES PERERIRA<\/td><\/tr><tr><td>MARIA DE JESUS CASAGRANDE<\/td><\/tr><tr><td>SERGIO CARLOS DA SILVA<\/td><\/tr><\/tbody><\/table><\/figure>\n","protected":false},"excerpt":{"rendered":"<p>Funcion\u00e1rios Ativos Nome Ramais Bloco\/sala E-mail M\u00d4NICA DOS S. MUCIO LOIOLA (P\u00d3S-GRADUA\u00c7\u00c3O EM F\u00cdSICA) 3011-5938 G68-07 sec-pfi@uem.br KEILA APARECIDA SILVA (LABORAT\u00d3RIOS DO G67\/G68) &nbsp;3011-5934 G67-11, G68-02 keila@root ROSIMEIRE BEMVIDES ZAMPIERE GERBASI (LABORAT\u00d3RIOS G68) G68 rbzgerbasi@uem.br M\u00c1RCIO H. BABATA (OFICINA MEC\u00c2NICA) 3011-4295 G67-01 MARCO A. CARVALHO (INFORM\u00c1TICA) 3011-5933 G67-05d mac@dfi.uem.br Funcion\u00e1rios Aposentados Nome AKIKO NISHIDA JURANDIR [&hellip;]<\/p>\n","protected":false},"author":1,"featured_media":0,"parent":0,"menu_order":0,"comment_status":"closed","ping_status":"closed","template":"","meta":{"footnotes":""},"_links":{"self":[{"href":"http:\/\/www.dfi.uem.br\/fisica\/index.php\/wp-json\/wp\/v2\/pages\/407"}],"collection":[{"href":"http:\/\/www.dfi.uem.br\/fisica\/index.php\/wp-json\/wp\/v2\/pages"}],"about":[{"href":"http:\/\/www.dfi.uem.br\/fisica\/index.php\/wp-json\/wp\/v2\/types\/page"}],"author":[{"embeddable":true,"href":"http:\/\/www.dfi.uem.br\/fisica\/index.php\/wp-json\/wp\/v2\/users\/1"}],"replies":[{"embeddable":true,"href":"http:\/\/www.dfi.uem.br\/fisica\/index.php\/wp-json\/wp\/v2\/comments?post=407"}],"version-history":[{"count":8,"href":"http:\/\/www.dfi.uem.br\/fisica\/index.php\/wp-json\/wp\/v2\/pages\/407\/revisions"}],"predecessor-version":[{"id":758,"href":"http:\/\/www.dfi.uem.br\/fisica\/index.php\/wp-json\/wp\/v2\/pages\/407\/revisions\/758"}],"wp:attachment":[{"href":"http:\/\/www.dfi.uem.br\/fisica\/index.php\/wp-json\/wp\/v2\/media?parent=407"}],"curies":[{"name":"wp","href":"https:\/\/api.w.org\/{rel}","templated":true}]}}