{"id":255,"date":"2022-05-03T11:41:40","date_gmt":"2022-05-03T14:41:40","guid":{"rendered":"http:\/\/www.dfi.uem.br\/fisica\/?page_id=255"},"modified":"2022-05-03T11:51:24","modified_gmt":"2022-05-03T14:51:24","slug":"graduacao","status":"publish","type":"page","link":"http:\/\/www.dfi.uem.br\/fisica\/index.php\/graduacao\/","title":{"rendered":"Gradua\u00e7\u00e3o"},"content":{"rendered":"\n<div class=\"wp-block-media-text alignwide is-stacked-on-mobile\" style=\"grid-template-columns:42% auto\"><figure class=\"wp-block-media-text__media\"><img loading=\"lazy\" decoding=\"async\" width=\"768\" height=\"432\" src=\"http:\/\/www.dfi.uem.br\/fisica\/wp-content\/uploads\/2022\/05\/graduacao.jpg\" alt=\"\" class=\"wp-image-256 size-full\" srcset=\"http:\/\/www.dfi.uem.br\/fisica\/wp-content\/uploads\/2022\/05\/graduacao.jpg 768w, http:\/\/www.dfi.uem.br\/fisica\/wp-content\/uploads\/2022\/05\/graduacao-300x169.jpg 300w\" sizes=\"(max-width: 768px) 100vw, 768px\" \/><\/figure><div class=\"wp-block-media-text__content\">\n<p class=\"has-drop-cap has-text-align-left has-black-color has-text-color has-small-font-size\">O curso de F\u00edsica t\u00eam, em m\u00e9dia, 200 alunos matriculados em todas as s\u00e9ries. O estudante tem a op\u00e7\u00e3o da Licenciatura em F\u00edsica e Bacharelado em F\u00edsica. Al\u00e9m da forma\u00e7\u00e3o b\u00e1sica do curso de F\u00edsica, o estudante pode, ainda, participar de projetos de inicia\u00e7\u00e3o cient\u00edfica e a doc\u00eancia.\u00a0Os estudantes s\u00e3o incentivados a trabalhar\u00a0em\u00a0equipe outros professores da rede de ensino, com\u00a0alunos de mestrado, doutorado e p\u00f3s-doutorado, induzindo uma forma\u00e7\u00e3o cont\u00ednua com troca de experi\u00eancia e esp\u00edrito de grupo. A estrutura f\u00edsica dos laborat\u00f3rios did\u00e1ticos e de pesquisa e do DFI\u00a0fornece as condi\u00e7\u00f5es necess\u00e1rias aos acad\u00eamicos para desenvolverem seus trabalhos com uma infra-estrutura adequada, com a utiliza\u00e7\u00e3o de t\u00e9cnicas inovadoras que trabalham com a fronteira da ci\u00eancia, e tamb\u00e9m a oportunidade de participar de projetos em colabora\u00e7\u00e3o com outras institui\u00e7\u00f5es nacionais e internacionais. Oportunidades de inicia\u00e7\u00e3o cient\u00edfica\/doc\u00eancia:<\/p>\n<\/div><\/div>\n\n\n\n<div style=\"height:33px\" aria-hidden=\"true\" class=\"wp-block-spacer\"><\/div>\n\n\n\n<ul><li><a rel=\"noreferrer noopener\" href=\"http:\/\/www.ppg.uem.br\/index.php\/pesquisa\/iniciacao-cientifica\" target=\"_blank\">Programa Inicia\u00e7\u00e3o Cient\u00edfica \u2013 PIC<\/a><\/li><li><a rel=\"noreferrer noopener\" href=\"http:\/\/www.ppg.uem.br\/index.php\/pesquisa\/iniciacao-cientifica\" target=\"_blank\">Programa Institucional de Bolsas de Inicia\u00e7\u00e3o Cient\u00edfica \u2013 PIBIC<\/a><\/li><li><a rel=\"noreferrer noopener\" href=\"http:\/\/www.nit.uem.br\/index.php\/pibiti\" target=\"_blank\">Programa Institucional de Bolsas de Inicia\u00e7\u00e3o em Desenvolvimento Tecnol\u00f3gico e Inova\u00e7\u00e3o \u2013 PIBITI<\/a><\/li><li><a rel=\"noreferrer noopener\" href=\"http:\/\/www.pen.uem.br\/programas-especiais-pet-pibid\/programa-institucional-de-bolsa-a-iniciacao-a-docencia-pibid\" target=\"_blank\">Programa Institucional de Bolsa \u00e0 Inicia\u00e7\u00e3o \u00e0 Doc\u00eancia \u2013 PIBID<\/a><\/li><li><a rel=\"noreferrer noopener\" href=\"http:\/\/petfisicauem.wixsite.com\/petfisicauem\" target=\"_blank\">PET F\u00edsica<\/a>&nbsp;\u2013 visite nosso&nbsp;<a rel=\"noreferrer noopener\" href=\"https:\/\/pt-br.facebook.com\/PET-F%C3%ADsica-UEM-250602728399247\/\" target=\"_blank\">facebook<\/a><\/li><\/ul>\n","protected":false},"excerpt":{"rendered":"<p>O curso de F\u00edsica t\u00eam, em m\u00e9dia, 200 alunos matriculados em todas as s\u00e9ries. O estudante tem a op\u00e7\u00e3o da Licenciatura em F\u00edsica e Bacharelado em F\u00edsica. Al\u00e9m da forma\u00e7\u00e3o b\u00e1sica do curso de F\u00edsica, o estudante pode, ainda, participar de projetos de inicia\u00e7\u00e3o cient\u00edfica e a doc\u00eancia.\u00a0Os estudantes s\u00e3o incentivados a trabalhar\u00a0em\u00a0equipe outros professores [&hellip;]<\/p>\n","protected":false},"author":1,"featured_media":0,"parent":0,"menu_order":0,"comment_status":"closed","ping_status":"closed","template":"","meta":{"footnotes":""},"_links":{"self":[{"href":"http:\/\/www.dfi.uem.br\/fisica\/index.php\/wp-json\/wp\/v2\/pages\/255"}],"collection":[{"href":"http:\/\/www.dfi.uem.br\/fisica\/index.php\/wp-json\/wp\/v2\/pages"}],"about":[{"href":"http:\/\/www.dfi.uem.br\/fisica\/index.php\/wp-json\/wp\/v2\/types\/page"}],"author":[{"embeddable":true,"href":"http:\/\/www.dfi.uem.br\/fisica\/index.php\/wp-json\/wp\/v2\/users\/1"}],"replies":[{"embeddable":true,"href":"http:\/\/www.dfi.uem.br\/fisica\/index.php\/wp-json\/wp\/v2\/comments?post=255"}],"version-history":[{"count":11,"href":"http:\/\/www.dfi.uem.br\/fisica\/index.php\/wp-json\/wp\/v2\/pages\/255\/revisions"}],"predecessor-version":[{"id":272,"href":"http:\/\/www.dfi.uem.br\/fisica\/index.php\/wp-json\/wp\/v2\/pages\/255\/revisions\/272"}],"wp:attachment":[{"href":"http:\/\/www.dfi.uem.br\/fisica\/index.php\/wp-json\/wp\/v2\/media?parent=255"}],"curies":[{"name":"wp","href":"https:\/\/api.w.org\/{rel}","templated":true}]}}

Graduação

<div class="wp-block-media-text alignwide is-stacked-on-mobile" style="grid-template-columns:42% auto"><figure class="wp-block-media-text__media"><img loading="lazy" decoding="async" width="768" height="432" src="http://www.dfi.uem.br/fisica/wp-content/uploads/2022/05/graduacao.jpg" alt="" class="wp-image-256 size-full" srcset="http://www.dfi.uem.br/fisica/wp-content/uploads/2022/05/graduacao.jpg 768w, http://www.dfi.uem.br/fisica/wp-content/uploads/2022/05/graduacao-300x169.jpg 300w" sizes="(max-width: 768px) 100vw, 768px" /></figure><div class="wp-block-media-text__content">
<p class="has-drop-cap has-text-align-left has-black-color has-text-color has-small-font-size">O curso de Física têm, em média, 200 alunos matriculados em todas as séries. O estudante tem a opção da Licenciatura em Física e Bacharelado em Física. Além da formação básica do curso de Física, o estudante pode, ainda, participar de projetos de iniciação científica e a docência. Os estudantes são incentivados a trabalhar em equipe outros professores da rede de ensino, com alunos de mestrado, doutorado e pós-doutorado, induzindo uma formação contínua com troca de experiência e espírito de grupo. A estrutura física dos laboratórios didáticos e de pesquisa e do DFI fornece as condições necessárias aos acadêmicos para desenvolverem seus trabalhos com uma infra-estrutura adequada, com a utilização de técnicas inovadoras que trabalham com a fronteira da ciência, e também a oportunidade de participar de projetos em colaboração com outras instituições nacionais e internacionais. Oportunidades de iniciação científica/docência:</p>
</div></div>



<div style="height:33px" aria-hidden="true" class="wp-block-spacer"></div>



<ul><li><a rel="noreferrer noopener" href="http://www.ppg.uem.br/index.php/pesquisa/iniciacao-cientifica" target="_blank">Programa Iniciação Científica – PIC</a></li><li><a rel="noreferrer noopener" href="http://www.ppg.uem.br/index.php/pesquisa/iniciacao-cientifica" target="_blank">Programa Institucional de Bolsas de Iniciação Científica – PIBIC</a></li><li><a rel="noreferrer noopener" href="http://www.nit.uem.br/index.php/pibiti" target="_blank">Programa Institucional de Bolsas de Iniciação em Desenvolvimento Tecnológico e Inovação – PIBITI</a></li><li><a rel="noreferrer noopener" href="http://www.pen.uem.br/programas-especiais-pet-pibid/programa-institucional-de-bolsa-a-iniciacao-a-docencia-pibid" target="_blank">Programa Institucional de Bolsa à Iniciação à Docência – PIBID</a></li><li><a rel="noreferrer noopener" href="http://petfisicauem.wixsite.com/petfisicauem" target="_blank">PET Física</a>&nbsp;– visite nosso&nbsp;<a rel="noreferrer noopener" href="https://pt-br.facebook.com/PET-F%C3%ADsica-UEM-250602728399247/" target="_blank">facebook</a></li></ul>

<p>O curso de Física têm, em média, 200 alunos matriculados em todas as séries. O estudante tem a opção da Licenciatura em Física e Bacharelado em Física. Além da formação básica do curso de Física, o estudante pode, ainda, participar de projetos de iniciação científica e a docência. Os estudantes são incentivados a trabalhar em equipe outros professores [&hellip;]</p>
