{"id":162,"date":"2022-04-28T09:25:29","date_gmt":"2022-04-28T12:25:29","guid":{"rendered":"http:\/\/www.dfi.uem.br\/fisica\/?page_id=162"},"modified":"2025-04-03T10:06:09","modified_gmt":"2025-04-03T13:06:09","slug":"administracao","status":"publish","type":"page","link":"http:\/\/www.dfi.uem.br\/fisica\/index.php\/administracao\/","title":{"rendered":"Administra\u00e7\u00e3o"},"content":{"rendered":"\n<p class=\"has-text-align-center has-black-color has-text-color has-medium-font-size\"><strong>Chefia do Departamento<\/strong><\/p>\n\n\n\n<div class=\"wp-block-columns is-layout-flex wp-container-core-columns-is-layout-1 wp-block-columns-is-layout-flex\">\n<div class=\"wp-block-column is-layout-flow wp-block-column-is-layout-flow\">\n<p class=\"has-text-align-left has-black-color has-text-color has-medium-font-size\"><strong>Chefe<\/strong><\/p>\n\n\n\n<figure class=\"wp-block-image aligncenter size-full\"><img loading=\"lazy\" decoding=\"async\" width=\"190\" height=\"266\" src=\"http:\/\/www.dfi.uem.br\/fisica\/wp-content\/uploads\/2023\/05\/Jurandir-chefe.jpg\" alt=\"\" class=\"wp-image-822\"\/><\/figure>\n\n\n\n<p class=\"has-black-color has-text-color has-medium-font-size\"><strong>Prof. Dr. Jurandir Hillmann Rohling<\/strong><\/p>\n\n\n\n<ul class=\"has-black-color has-text-color\">\n<li>Prof. Dr. Jurandir Hillmann Rohling<\/li>\n\n\n\n<li><a rel=\"noreferrer noopener\" href=\"mailto:jhrohling@uem.ber\" target=\"_blank\">jhrohling@uem.br<\/a><\/li>\n\n\n\n<li>3011 5902, 5927, 5936<\/li>\n\n\n\n<li>Bloco\/sala: G56-02; G67-14; H57<\/li>\n<\/ul>\n\n\n\n<hr class=\"wp-block-separator has-css-opacity\"\/>\n<\/div>\n\n\n\n<div class=\"wp-block-column is-layout-flow wp-block-column-is-layout-flow\"><\/div>\n<\/div>\n\n\n\n<hr class=\"wp-block-separator has-text-color has-black-color has-css-opacity has-black-background-color has-background is-style-wide\"\/>\n\n\n\n<figure class=\"wp-block-table aligncenter is-style-regular has-medium-font-size\"><table class=\"has-black-color has-text-color has-fixed-layout\"><tbody><tr><td><strong>Coordena\u00e7\u00e3o do Curso de Gradua\u00e7\u00e3o Presencial<\/strong><\/td><td class=\"has-text-align-left\" data-align=\"left\"><strong>Coordena\u00e7\u00e3o do Curso de Gradua\u00e7\u00e3o \u00e0 Dist\u00e2ncia<\/strong><\/td><\/tr><\/tbody><\/table><\/figure>\n\n\n\n<figure class=\"wp-block-table is-style-regular has-small-font-size\"><table class=\"has-black-color has-text-color has-fixed-layout\"><thead><tr><th>Coordenador Adjunto<\/th><th><\/th><th class=\"has-text-align-left\" data-align=\"left\">Coordenador<\/th><th>Coordenador Adjunto<\/th><\/tr><\/thead><tbody><tr><td><img loading=\"lazy\" decoding=\"async\" width=\"150\" height=\"210\" class=\"wp-image-828\" style=\"width: 150px;\" src=\"http:\/\/www.dfi.uem.br\/fisica\/wp-content\/uploads\/2023\/05\/Mauricio.jpg\" alt=\"\"><\/td><td><\/td><td class=\"has-text-align-left\" data-align=\"left\"><img loading=\"lazy\" decoding=\"async\" width=\"150\" height=\"210\" class=\"wp-image-170\" style=\"width: 150px;\" src=\"http:\/\/www.dfi.uem.br\/fisica\/wp-content\/uploads\/2022\/04\/Luciano-Gonsalves-Costa.jpg\" alt=\"\" srcset=\"http:\/\/www.dfi.uem.br\/fisica\/wp-content\/uploads\/2022\/04\/Luciano-Gonsalves-Costa.jpg 571w, http:\/\/www.dfi.uem.br\/fisica\/wp-content\/uploads\/2022\/04\/Luciano-Gonsalves-Costa-214x300.jpg 214w\" sizes=\"(max-width: 150px) 100vw, 150px\" \/><\/td><td><img loading=\"lazy\" decoding=\"async\" width=\"150\" height=\"210\" class=\"wp-image-172\" style=\"width: 150px;\" src=\"http:\/\/www.dfi.uem.br\/fisica\/wp-content\/uploads\/2022\/04\/Renio-dos-Santos-Mendes.jpg\" alt=\"\" srcset=\"http:\/\/www.dfi.uem.br\/fisica\/wp-content\/uploads\/2022\/04\/Renio-dos-Santos-Mendes.jpg 571w, http:\/\/www.dfi.uem.br\/fisica\/wp-content\/uploads\/2022\/04\/Renio-dos-Santos-Mendes-214x300.jpg 214w\" sizes=\"(max-width: 150px) 100vw, 150px\" \/><\/td><\/tr><tr><td><strong>Mauricio Antonio Custodio de Melo<\/strong><br>mmelo@dfi.uem.br<br>3011-5955, 5928, 5929<br>Bloco: G56-34,G67-07,H57<\/td><td><\/td><td class=\"has-text-align-left\" data-align=\"left\"><strong>LUCIANO GONSALVES COSTA<\/strong><br>luciano@dfi.uem.br<br>3011-5906<br>Bloco\/sala: G56-06<\/td><td><strong>RENIO DOS SANTOS MENDES<\/strong><br>rsmendes@dfi.uem.br<br>3011-5445<br>Bloco\/sala: E90-105<\/td><\/tr><\/tbody><\/table><\/figure>\n\n\n\n<hr class=\"wp-block-separator has-text-color has-black-color has-css-opacity has-black-background-color has-background is-style-wide\"\/>\n\n\n\n<figure class=\"wp-block-table aligncenter is-style-regular has-medium-font-size\"><table class=\"has-black-color has-text-color has-fixed-layout\"><tbody><tr><td><strong>Coordenador do Mestrado Nacional Profissional<\/strong>       <\/td><td><strong>Coordena\u00e7\u00e3o do Mestrado e Doutorado<\/strong>                   <\/td><\/tr><\/tbody><\/table><\/figure>\n\n\n\n<figure class=\"wp-block-table is-style-regular has-small-font-size\"><table class=\"has-black-color has-text-color has-fixed-layout\"><thead><tr><th>Coordenador<\/th><th>Coordenador Adjunto<\/th><th>Coordenador<\/th><th>Coordenador Adjunto<\/th><\/tr><\/thead><tbody><tr><td><img loading=\"lazy\" decoding=\"async\" width=\"150\" height=\"210\" class=\"wp-image-201\" style=\"width: 150px;\" src=\"http:\/\/www.dfi.uem.br\/fisica\/wp-content\/uploads\/2022\/04\/Hatsumi-Mukai.jpg\" alt=\"\" srcset=\"http:\/\/www.dfi.uem.br\/fisica\/wp-content\/uploads\/2022\/04\/Hatsumi-Mukai.jpg 571w, http:\/\/www.dfi.uem.br\/fisica\/wp-content\/uploads\/2022\/04\/Hatsumi-Mukai-214x300.jpg 214w\" sizes=\"(max-width: 150px) 100vw, 150px\" \/><\/td><td><img loading=\"lazy\" decoding=\"async\" width=\"150\" height=\"200\" class=\"wp-image-843\" style=\"width: 150px;\" src=\"http:\/\/www.dfi.uem.br\/fisica\/wp-content\/uploads\/2023\/06\/Breno.jpg\" alt=\"\" srcset=\"http:\/\/www.dfi.uem.br\/fisica\/wp-content\/uploads\/2023\/06\/Breno.jpg 240w, http:\/\/www.dfi.uem.br\/fisica\/wp-content\/uploads\/2023\/06\/Breno-225x300.jpg 225w\" sizes=\"(max-width: 150px) 100vw, 150px\" \/><\/td><td><img loading=\"lazy\" decoding=\"async\" width=\"150\" height=\"218\" class=\"wp-image-844\" style=\"width: 150px;\" src=\"http:\/\/www.dfi.uem.br\/fisica\/wp-content\/uploads\/2023\/06\/Luiz-Fernando-Cotica.jpg\" alt=\"\"><\/td><td><img loading=\"lazy\" decoding=\"async\" width=\"150\" height=\"200\" class=\"wp-image-845\" style=\"width: 150px;\" src=\"http:\/\/www.dfi.uem.br\/fisica\/wp-content\/uploads\/2023\/06\/GUSTAVO_SANGUINO-scaled.jpg\" alt=\"\" srcset=\"http:\/\/www.dfi.uem.br\/fisica\/wp-content\/uploads\/2023\/06\/GUSTAVO_SANGUINO-scaled.jpg 1920w, http:\/\/www.dfi.uem.br\/fisica\/wp-content\/uploads\/2023\/06\/GUSTAVO_SANGUINO-225x300.jpg 225w, http:\/\/www.dfi.uem.br\/fisica\/wp-content\/uploads\/2023\/06\/GUSTAVO_SANGUINO-768x1024.jpg 768w, http:\/\/www.dfi.uem.br\/fisica\/wp-content\/uploads\/2023\/06\/GUSTAVO_SANGUINO-1152x1536.jpg 1152w, http:\/\/www.dfi.uem.br\/fisica\/wp-content\/uploads\/2023\/06\/GUSTAVO_SANGUINO-1536x2048.jpg 1536w\" sizes=\"(max-width: 150px) 100vw, 150px\" \/><\/td><\/tr><tr><td><strong>Profa. Dra. Hatsumi Mukai<\/strong><br>hmukai@dfi.uem.br<br>(44) 3011-5908<\/td><td><strong>Prof. Dr. Breno Ferra<\/strong>z de Oliveira<br>breno@dfi.uem.br<br>(44) 3011-5913<\/td><td><strong>Prof. Dr. Luiz Fernando C\u00f3tica<\/strong><br>lfcotica@gmail.com<br>(44) 3011-5904<\/td><td><strong>Prof. Dr Gustavo Sanguino Dias<\/strong><br>gustavosanguino@uem.br<br>(44) 3011-4723<\/td><\/tr><\/tbody><\/table><\/figure>\n\n\n\n<div class=\"wp-block-columns is-layout-flex wp-container-core-columns-is-layout-2 wp-block-columns-is-layout-flex\">\n<div class=\"wp-block-column is-layout-flow wp-block-column-is-layout-flow\">\n<p class=\"has-medium-font-size\"><strong>Supervisor substituto de Radioprote\u00e7\u00e3o do Hospital Universit\u00e1rio Regional de Maring\u00e1.<\/strong><\/p>\n\n\n\n<figure class=\"wp-block-image size-full is-resized\"><img loading=\"lazy\" decoding=\"async\" width=\"215\" height=\"161\" src=\"http:\/\/www.dfi.uem.br\/fisica\/wp-content\/uploads\/2023\/05\/JRDP-e1476129285220-1.jpg\" alt=\"\" class=\"wp-image-824\" style=\"width:296px;height:222px\"\/><\/figure>\n\n\n\n<p class=\"has-black-color has-text-color has-medium-font-size\"><strong>Prof. Dr. Jos\u00e9 Roberto Dias Pereira<\/strong><\/p>\n\n\n\n<ul class=\"has-black-color has-text-color\">\n<li>Prof. Dr. Jos\u00e9 Roberto Dias Pereira<\/li>\n\n\n\n<li>jrdp@dfi.uem.br<\/li>\n\n\n\n<li>3011-5926, 5914, 5905<\/li>\n\n\n\n<li>Bloco\/sala: G67-3A, G56-14, G56-5<\/li>\n<\/ul>\n<\/div>\n\n\n\n<div class=\"wp-block-column is-layout-flow wp-block-column-is-layout-flow\"><\/div>\n<\/div>\n","protected":false},"excerpt":{"rendered":"<p>Chefia do Departamento Chefe Prof. Dr. Jurandir Hillmann Rohling Coordena\u00e7\u00e3o do Curso de Gradua\u00e7\u00e3o Presencial Coordena\u00e7\u00e3o do Curso de Gradua\u00e7\u00e3o \u00e0 Dist\u00e2ncia Coordenador Adjunto Coordenador Coordenador Adjunto Mauricio Antonio Custodio de Melommelo@dfi.uem.br3011-5955, 5928, 5929Bloco: G56-34,G67-07,H57 LUCIANO GONSALVES COSTAluciano@dfi.uem.br3011-5906Bloco\/sala: G56-06 RENIO DOS SANTOS MENDESrsmendes@dfi.uem.br3011-5445Bloco\/sala: E90-105 Coordenador do Mestrado Nacional Profissional Coordena\u00e7\u00e3o do Mestrado e Doutorado Coordenador [&hellip;]<\/p>\n","protected":false},"author":1,"featured_media":0,"parent":0,"menu_order":0,"comment_status":"closed","ping_status":"closed","template":"","meta":{"footnotes":""},"_links":{"self":[{"href":"http:\/\/www.dfi.uem.br\/fisica\/index.php\/wp-json\/wp\/v2\/pages\/162"}],"collection":[{"href":"http:\/\/www.dfi.uem.br\/fisica\/index.php\/wp-json\/wp\/v2\/pages"}],"about":[{"href":"http:\/\/www.dfi.uem.br\/fisica\/index.php\/wp-json\/wp\/v2\/types\/page"}],"author":[{"embeddable":true,"href":"http:\/\/www.dfi.uem.br\/fisica\/index.php\/wp-json\/wp\/v2\/users\/1"}],"replies":[{"embeddable":true,"href":"http:\/\/www.dfi.uem.br\/fisica\/index.php\/wp-json\/wp\/v2\/comments?post=162"}],"version-history":[{"count":33,"href":"http:\/\/www.dfi.uem.br\/fisica\/index.php\/wp-json\/wp\/v2\/pages\/162\/revisions"}],"predecessor-version":[{"id":1140,"href":"http:\/\/www.dfi.uem.br\/fisica\/index.php\/wp-json\/wp\/v2\/pages\/162\/revisions\/1140"}],"wp:attachment":[{"href":"http:\/\/www.dfi.uem.br\/fisica\/index.php\/wp-json\/wp\/v2\/media?parent=162"}],"curies":[{"name":"wp","href":"https:\/\/api.w.org\/{rel}","templated":true}]}}

Administração

<p class="has-text-align-center has-black-color has-text-color has-medium-font-size"><strong>Chefia do Departamento</strong></p>



<div class="wp-block-columns is-layout-flex wp-container-core-columns-is-layout-1 wp-block-columns-is-layout-flex">
<div class="wp-block-column is-layout-flow wp-block-column-is-layout-flow">
<p class="has-text-align-left has-black-color has-text-color has-medium-font-size"><strong>Chefe</strong></p>



<figure class="wp-block-image aligncenter size-full"><img loading="lazy" decoding="async" width="190" height="266" src="http://www.dfi.uem.br/fisica/wp-content/uploads/2023/05/Jurandir-chefe.jpg" alt="" class="wp-image-822"/></figure>



<p class="has-black-color has-text-color has-medium-font-size"><strong>Prof. Dr. Jurandir Hillmann Rohling</strong></p>



<ul class="has-black-color has-text-color">
<li>Prof. Dr. Jurandir Hillmann Rohling</li>



<li><a rel="noreferrer noopener" href="mailto:jhrohling@uem.ber" target="_blank">jhrohling@uem.br</a></li>



<li>3011 5902, 5927, 5936</li>



<li>Bloco/sala: G56-02; G67-14; H57</li>
</ul>



<hr class="wp-block-separator has-css-opacity"/>
</div>



<div class="wp-block-column is-layout-flow wp-block-column-is-layout-flow"></div>
</div>



<hr class="wp-block-separator has-text-color has-black-color has-css-opacity has-black-background-color has-background is-style-wide"/>



<figure class="wp-block-table aligncenter is-style-regular has-medium-font-size"><table class="has-black-color has-text-color has-fixed-layout"><tbody><tr><td><strong>Coordenação do Curso de Graduação Presencial</strong></td><td class="has-text-align-left" data-align="left"><strong>Coordenação do Curso de Graduação à Distância</strong></td></tr></tbody></table></figure>



<figure class="wp-block-table is-style-regular has-small-font-size"><table class="has-black-color has-text-color has-fixed-layout"><thead><tr><th>Coordenador Adjunto</th><th></th><th class="has-text-align-left" data-align="left">Coordenador</th><th>Coordenador Adjunto</th></tr></thead><tbody><tr><td><img loading="lazy" decoding="async" width="150" height="210" class="wp-image-828" style="width: 150px;" src="http://www.dfi.uem.br/fisica/wp-content/uploads/2023/05/Mauricio.jpg" alt=""></td><td></td><td class="has-text-align-left" data-align="left"><img loading="lazy" decoding="async" width="150" height="210" class="wp-image-170" style="width: 150px;" src="http://www.dfi.uem.br/fisica/wp-content/uploads/2022/04/Luciano-Gonsalves-Costa.jpg" alt="" srcset="http://www.dfi.uem.br/fisica/wp-content/uploads/2022/04/Luciano-Gonsalves-Costa.jpg 571w, http://www.dfi.uem.br/fisica/wp-content/uploads/2022/04/Luciano-Gonsalves-Costa-214x300.jpg 214w" sizes="(max-width: 150px) 100vw, 150px" /></td><td><img loading="lazy" decoding="async" width="150" height="210" class="wp-image-172" style="width: 150px;" src="http://www.dfi.uem.br/fisica/wp-content/uploads/2022/04/Renio-dos-Santos-Mendes.jpg" alt="" srcset="http://www.dfi.uem.br/fisica/wp-content/uploads/2022/04/Renio-dos-Santos-Mendes.jpg 571w, http://www.dfi.uem.br/fisica/wp-content/uploads/2022/04/Renio-dos-Santos-Mendes-214x300.jpg 214w" sizes="(max-width: 150px) 100vw, 150px" /></td></tr><tr><td><strong>Mauricio Antonio Custodio de Melo</strong><br>mmelo@dfi.uem.br<br>3011-5955, 5928, 5929<br>Bloco: G56-34,G67-07,H57</td><td></td><td class="has-text-align-left" data-align="left"><strong>LUCIANO GONSALVES COSTA</strong><br>luciano@dfi.uem.br<br>3011-5906<br>Bloco/sala: G56-06</td><td><strong>RENIO DOS SANTOS MENDES</strong><br>rsmendes@dfi.uem.br<br>3011-5445<br>Bloco/sala: E90-105</td></tr></tbody></table></figure>



<hr class="wp-block-separator has-text-color has-black-color has-css-opacity has-black-background-color has-background is-style-wide"/>



<figure class="wp-block-table aligncenter is-style-regular has-medium-font-size"><table class="has-black-color has-text-color has-fixed-layout"><tbody><tr><td><strong>Coordenador do Mestrado Nacional Profissional</strong>       </td><td><strong>Coordenação do Mestrado e Doutorado</strong>                   </td></tr></tbody></table></figure>



<figure class="wp-block-table is-style-regular has-small-font-size"><table class="has-black-color has-text-color has-fixed-layout"><thead><tr><th>Coordenador</th><th>Coordenador Adjunto</th><th>Coordenador</th><th>Coordenador Adjunto</th></tr></thead><tbody><tr><td><img loading="lazy" decoding="async" width="150" height="210" class="wp-image-201" style="width: 150px;" src="http://www.dfi.uem.br/fisica/wp-content/uploads/2022/04/Hatsumi-Mukai.jpg" alt="" srcset="http://www.dfi.uem.br/fisica/wp-content/uploads/2022/04/Hatsumi-Mukai.jpg 571w, http://www.dfi.uem.br/fisica/wp-content/uploads/2022/04/Hatsumi-Mukai-214x300.jpg 214w" sizes="(max-width: 150px) 100vw, 150px" /></td><td><img loading="lazy" decoding="async" width="150" height="200" class="wp-image-843" style="width: 150px;" src="http://www.dfi.uem.br/fisica/wp-content/uploads/2023/06/Breno.jpg" alt="" srcset="http://www.dfi.uem.br/fisica/wp-content/uploads/2023/06/Breno.jpg 240w, http://www.dfi.uem.br/fisica/wp-content/uploads/2023/06/Breno-225x300.jpg 225w" sizes="(max-width: 150px) 100vw, 150px" /></td><td><img loading="lazy" decoding="async" width="150" height="218" class="wp-image-844" style="width: 150px;" src="http://www.dfi.uem.br/fisica/wp-content/uploads/2023/06/Luiz-Fernando-Cotica.jpg" alt=""></td><td><img loading="lazy" decoding="async" width="150" height="200" class="wp-image-845" style="width: 150px;" src="http://www.dfi.uem.br/fisica/wp-content/uploads/2023/06/GUSTAVO_SANGUINO-scaled.jpg" alt="" srcset="http://www.dfi.uem.br/fisica/wp-content/uploads/2023/06/GUSTAVO_SANGUINO-scaled.jpg 1920w, http://www.dfi.uem.br/fisica/wp-content/uploads/2023/06/GUSTAVO_SANGUINO-225x300.jpg 225w, http://www.dfi.uem.br/fisica/wp-content/uploads/2023/06/GUSTAVO_SANGUINO-768x1024.jpg 768w, http://www.dfi.uem.br/fisica/wp-content/uploads/2023/06/GUSTAVO_SANGUINO-1152x1536.jpg 1152w, http://www.dfi.uem.br/fisica/wp-content/uploads/2023/06/GUSTAVO_SANGUINO-1536x2048.jpg 1536w" sizes="(max-width: 150px) 100vw, 150px" /></td></tr><tr><td><strong>Profa. Dra. Hatsumi Mukai</strong><br>hmukai@dfi.uem.br<br>(44) 3011-5908</td><td><strong>Prof. Dr. Breno Ferra</strong>z de Oliveira<br>breno@dfi.uem.br<br>(44) 3011-5913</td><td><strong>Prof. Dr. Luiz Fernando Cótica</strong><br>lfcotica@gmail.com<br>(44) 3011-5904</td><td><strong>Prof. Dr Gustavo Sanguino Dias</strong><br>gustavosanguino@uem.br<br>(44) 3011-4723</td></tr></tbody></table></figure>



<div class="wp-block-columns is-layout-flex wp-container-core-columns-is-layout-2 wp-block-columns-is-layout-flex">
<div class="wp-block-column is-layout-flow wp-block-column-is-layout-flow">
<p class="has-medium-font-size"><strong>Supervisor substituto de Radioproteção do Hospital Universitário Regional de Maringá.</strong></p>



<figure class="wp-block-image size-full is-resized"><img loading="lazy" decoding="async" width="215" height="161" src="http://www.dfi.uem.br/fisica/wp-content/uploads/2023/05/JRDP-e1476129285220-1.jpg" alt="" class="wp-image-824" style="width:296px;height:222px"/></figure>



<p class="has-black-color has-text-color has-medium-font-size"><strong>Prof. Dr. José Roberto Dias Pereira</strong></p>



<ul class="has-black-color has-text-color">
<li>Prof. Dr. José Roberto Dias Pereira</li>



<li>jrdp@dfi.uem.br</li>



<li>3011-5926, 5914, 5905</li>



<li>Bloco/sala: G67-3A, G56-14, G56-5</li>
</ul>
</div>



<div class="wp-block-column is-layout-flow wp-block-column-is-layout-flow"></div>
</div>

<p>Chefia do Departamento Chefe Prof. Dr. Jurandir Hillmann Rohling Coordenação do Curso de Graduação Presencial Coordenação do Curso de Graduação à Distância Coordenador Adjunto Coordenador Coordenador Adjunto Mauricio Antonio Custodio de Melommelo@dfi.uem.br3011-5955, 5928, 5929Bloco: G56-34,G67-07,H57 LUCIANO GONSALVES COSTAluciano@dfi.uem.br3011-5906Bloco/sala: G56-06 RENIO DOS SANTOS MENDESrsmendes@dfi.uem.br3011-5445Bloco/sala: E90-105 Coordenador do Mestrado Nacional Profissional Coordenação do Mestrado e Doutorado Coordenador [&hellip;]</p>
